{"id":817,"date":"2024-10-31T20:54:10","date_gmt":"2024-10-31T19:54:10","guid":{"rendered":"https:\/\/curatedatlas.com\/?page_id=817"},"modified":"2024-11-03T20:26:43","modified_gmt":"2024-11-03T19:26:43","slug":"om-mig","status":"publish","type":"page","link":"https:\/\/curatedatlas.com\/index.php\/sv\/om-mig\/","title":{"rendered":"Om mig"},"content":{"rendered":"\n<p>Jag \u00e4r en v\u00e4lberest \u201cempty nester\u201d och bor i en Stockholms-f\u00f6rort tillsammans med min man Johan och v\u00e5r hund. Barnen har sedan ett par \u00e5r gett sig ut p\u00e5 egna \u00e4ventyr s\u00e5 nu har vi, och \u00e4ven m\u00e5nga av v\u00e5ra j\u00e4mn\u00e5riga v\u00e4nner, pl\u00f6tsligt massor med tid f\u00f6r resor och \u00e4ventyr som vi vill g\u00f6ra det mesta av. <\/p>\n\n\n\n<p>Syftet med bloggen \u00e4r att dela restips f\u00f6r andra kr\u00e4sna resen\u00e4rer 50+ som uppskattar resor som inneh\u00e5ller n\u00e5got annat \u00e4n sev\u00e4rdigheter fr\u00e5n &#8220;topp-tio-listan&#8221;. <\/p>\n\n\n\n<p>V\u00e5ra resm\u00e5l \u00e4r en bladning av nya destinationer samt \u00e5terbes\u00f6k till v\u00e5ra favoriter Sydafrika, USA och Italien. <\/p>\n\n\n\n<p><\/p>\n\n\n\n<figure class=\"wp-block-image size-large is-resized\"><img loading=\"lazy\" decoding=\"async\" width=\"768\" height=\"1024\" src=\"https:\/\/curatedatlas.com\/wp-content\/uploads\/2024\/09\/img-3214-768x1024.jpeg\" alt=\"\" class=\"wp-image-365\" style=\"width:210px\" srcset=\"https:\/\/curatedatlas.com\/wp-content\/uploads\/2024\/09\/img-3214-768x1024.jpeg 768w, https:\/\/curatedatlas.com\/wp-content\/uploads\/2024\/09\/img-3214-225x300.jpeg 225w, https:\/\/curatedatlas.com\/wp-content\/uploads\/2024\/09\/img-3214.jpeg 960w, https:\/\/curatedatlas.com\/wp-content\/uploads\/2024\/09\/img-3214-300x400.jpeg 300w, https:\/\/curatedatlas.com\/wp-content\/uploads\/2024\/09\/img-3214-850x1133.jpeg 850w\" sizes=\"auto, (max-width: 768px) 100vw, 768px\" \/><\/figure>\n\n\n\n<div class=\"wp-block-superb-addons-author-box\"><div class=\"superbaddons-authorbox superbaddons-authorbox-alignment-left\" style=\"background-color:unset;border-radius:10px\"><div class=\"superbaddons-authorbox-left\"><img decoding=\"async\" width=\"96\" class=\"superbaddons-authorbox-avatar\" src=\"https:\/\/secure.gravatar.com\/avatar\/5d1148c9aa890136846f8c15054d7235?s=96&amp;d=mm&amp;r=r\" style=\"border-radius:50%;width:96px\"\/><\/div><div class=\"superbaddons-authorbox-right\"><p class=\"superbaddons-authorbox-authorname\" style=\"color:#444444;font-size:16px;line-height:24px\">Margaretha Finnstedt<\/p><p class=\"superbaddons-authorbox-authorbio\" style=\"color:#7C7C7C;font-size:14px;line-height:19px\">The Curated Atlas<\/p><div class=\"superbaddons-authorbox-social-wrapper\"><a target=\"_blank\" rel=\"noopener\" href=\"https:\/\/www.instagram.com\/the_curated_atlas_\"><img decoding=\"async\" src=\"data:image\/svg+xml;base64,PHN2ZyB3aWR0aD0iMzIiIGhlaWdodD0iMzIiIHZpZXdCb3g9IjAgMCAzMiAzMiIgZmlsbD0ibm9uZSIgeG1sbnM9Imh0dHA6Ly93d3cudzMub3JnLzIwMDAvc3ZnIj4KPGcgY2xpcC1wYXRoPSJ1cmwoI2NsaXAwXzFfNDYpIj4KPHBhdGggZD0iTTE2IDMyQzcuMTY0OCAzMiAwIDI0LjgzNTIgMCAxNkMwIDcuMTY0OCA3LjE2NDggMCAxNiAwQzI0LjgzNTIgMCAzMiA3LjE2NDggMzIgMTZDMzIgMjQuODM1MiAyNC44MzUyIDMyIDE2IDMyWiIgZmlsbD0idXJsKCNwYWludDBfbGluZWFyXzFfNDYpIi8+CjxwYXRoIGQ9Ik0xNiA3LjA0NjQzQzE4LjkxNTIgNy4wNDY0MyAxOS4yNjA4IDcuMDU2MDMgMjAuNDEyOCA3LjExMDQzQzIxLjQ3ODQgNy4xNTg0MyAyMi4wNTc2IDcuMzM3NjMgMjIuNDQxNiA3LjQ4ODAzQzIyLjk1MDQgNy42ODY0MyAyMy4zMTUyIDcuOTIzMjMgMjMuNjk2IDguMzA0MDNDMjQuMDc2OCA4LjY4NDgzIDI0LjMxMzYgOS4wNDk2MyAyNC41MTIgOS41NTg0M0MyNC42NjI0IDkuOTQyNDMgMjQuODM4NCAxMC41MjE2IDI0Ljg4OTYgMTEuNTg3MkMyNC45NDA4IDEyLjczOTIgMjQuOTUzNiAxMy4wODQ4IDI0Ljk1MzYgMTZDMjQuOTUzNiAxOC45MTUyIDI0Ljk0NCAxOS4yNjA4IDI0Ljg4OTYgMjAuNDEyOEMyNC44NDE2IDIxLjQ3ODQgMjQuNjYyNCAyMi4wNTc2IDI0LjUxMiAyMi40NDE2QzI0LjMxMzYgMjIuOTUwNCAyNC4wNzY4IDIzLjMxNTIgMjMuNjk2IDIzLjY5NkMyMy4zMTUyIDI0LjA3NjggMjIuOTUwNCAyNC4zMTM2IDIyLjQ0MTYgMjQuNTEyQzIyLjA1NzYgMjQuNjYyNCAyMS40Nzg0IDI0LjgzODQgMjAuNDEyOCAyNC44ODk2QzE5LjI2MDggMjQuOTQwOCAxOC45MTUyIDI0Ljk1MzYgMTYgMjQuOTUzNkMxMy4wODQ4IDI0Ljk1MzYgMTIuNzM5MiAyNC45NDQgMTEuNTg3MiAyNC44ODk2QzEwLjUyMTYgMjQuODQxNiA5Ljk0MjQgMjQuNjYyNCA5LjU1ODQgMjQuNTEyQzkuMDQ5NiAyNC4zMTM2IDguNjg0OCAyNC4wNzY4IDguMzA0IDIzLjY5NkM3LjkyMzIgMjMuMzE1MiA3LjY4NjQgMjIuOTUwNCA3LjQ4OCAyMi40NDE2QzcuMzM3NiAyMi4wNTc2IDcuMTYxNiAyMS40Nzg0IDcuMTEwNCAyMC40MTI4QzcuMDU5MiAxOS4yNjA4IDcuMDQ2NCAxOC45MTUyIDcuMDQ2NCAxNkM3LjA0NjQgMTMuMDg0OCA3LjA1NiAxMi43MzkyIDcuMTEwNCAxMS41ODcyQzcuMTU4NCAxMC41MjE2IDcuMzM3NiA5Ljk0MjQzIDcuNDg4IDkuNTU4NDNDNy42ODY0IDkuMDQ5NjMgNy45MjMyIDguNjg0ODMgOC4zMDQgOC4zMDQwM0M4LjY4NDggNy45MjMyMyA5LjA0OTYgNy42ODY0MyA5LjU1ODQgNy40ODgwM0M5Ljk0MjQgNy4zMzc2MyAxMC41MjE2IDcuMTYxNjMgMTEuNTg3MiA3LjExMDQzQzEyLjczOTIgNy4wNTYwMyAxMy4wODQ4IDcuMDQ2NDMgMTYgNy4wNDY0M1pNMTYgNS4wNzg0M0MxMy4wMzM2IDUuMDc4NDMgMTIuNjYyNCA1LjA5MTIzIDExLjQ5NzYgNS4xNDU2M0MxMC4zMzYgNS4yMDAwMyA5LjU0MjQgNS4zODI0MyA4Ljg0NDggNS42NTQ0M0M4LjEyOCA1LjkyOTYzIDcuNTE2OCA2LjMwNDAzIDYuOTEyIDYuOTEyMDNDNi4zMDQgNy41MjAwMyA1LjkzMjggOC4xMjgwMyA1LjY1MTIgOC44NDgwM0M1LjM4MjQgOS41NDI0MyA1LjE5NjggMTAuMzM2IDUuMTQyNCAxMS41MDA4QzUuMDg4IDEyLjY2NTYgNS4wNzUyIDEzLjAzNjggNS4wNzUyIDE2LjAwMzJDNS4wNzUyIDE4Ljk2OTYgNS4wODggMTkuMzQwOCA1LjE0MjQgMjAuNTA1NkM1LjE5NjggMjEuNjY3MiA1LjM3OTIgMjIuNDYwOCA1LjY1MTIgMjMuMTU4NEM1LjkyOTYgMjMuODcyIDYuMzA0IDI0LjQ4MzIgNi45MTIgMjUuMDg4QzcuNTIgMjUuNjk2IDguMTI4IDI2LjA2NzIgOC44NDggMjYuMzQ4OEM5LjU0MjQgMjYuNjE3NiAxMC4zMzYgMjYuODAzMiAxMS41MDA4IDI2Ljg1NzZDMTIuNjY1NiAyNi45MTIgMTMuMDM2OCAyNi45MjQ4IDE2LjAwMzIgMjYuOTI0OEMxOC45Njk2IDI2LjkyNDggMTkuMzQwOCAyNi45MTIgMjAuNTA1NiAyNi44NTc2QzIxLjY2NzIgMjYuODAzMiAyMi40NjA4IDI2LjYyMDggMjMuMTU4NCAyNi4zNDg4QzIzLjg3MiAyNi4wNzA0IDI0LjQ4MzIgMjUuNjk2IDI1LjA4OCAyNS4wODhDMjUuNjk2IDI0LjQ4IDI2LjA2NzIgMjMuODcyIDI2LjM0ODggMjMuMTUyQzI2LjYxNzYgMjIuNDU3NiAyNi44MDMyIDIxLjY2NCAyNi44NTc2IDIwLjQ5OTJDMjYuOTEyIDE5LjMzNDQgMjYuOTI0OCAxOC45NjMyIDI2LjkyNDggMTUuOTk2OEMyNi45MjQ4IDEzLjAzMDQgMjYuOTEyIDEyLjY1OTIgMjYuODU3NiAxMS40OTQ0QzI2LjgwMzIgMTAuMzMyOCAyNi42MjA4IDkuNTM5MjMgMjYuMzQ4OCA4Ljg0MTYzQzI2LjA3MDQgOC4xMjgwMyAyNS42OTYgNy41MTY4MyAyNS4wODggNi45MTIwM0MyNC40OCA2LjMwNDAzIDIzLjg3MiA1LjkzMjgzIDIzLjE1MiA1LjY1MTIzQzIyLjQ1NzYgNS4zODI0MyAyMS42NjQgNS4xOTY4MyAyMC40OTkyIDUuMTQyNDNDMTkuMzM3NiA1LjA5MTIzIDE4Ljk2NjQgNS4wNzg0MyAxNiA1LjA3ODQzWiIgZmlsbD0id2hpdGUiLz4KPHBhdGggZD0iTTE2IDEwLjM5MDRDMTIuOTAyNCAxMC4zOTA0IDEwLjM5MDQgMTIuOTAyNCAxMC4zOTA0IDE2QzEwLjM5MDQgMTkuMDk3NiAxMi45MDI0IDIxLjYwOTYgMTYgMjEuNjA5NkMxOS4wOTc2IDIxLjYwOTYgMjEuNjA5NiAxOS4wOTc2IDIxLjYwOTYgMTZDMjEuNjA5NiAxMi45MDI0IDE5LjA5NzYgMTAuMzkwNCAxNiAxMC4zOTA0Wk0xNiAxOS42NDE2QzEzLjk5MDQgMTkuNjQxNiAxMi4zNTg0IDE4LjAxMjggMTIuMzU4NCAxNkMxMi4zNTg0IDEzLjk4NzIgMTMuOTkwNCAxMi4zNTg0IDE2IDEyLjM1ODRDMTguMDA5NiAxMi4zNTg0IDE5LjY0MTYgMTMuOTg3MiAxOS42NDE2IDE2QzE5LjY0MTYgMTguMDEyOCAxOC4wMDk2IDE5LjY0MTYgMTYgMTkuNjQxNloiIGZpbGw9IndoaXRlIi8+CjxwYXRoIGQ9Ik0yMS44MzA0IDExLjQ4MTZDMjIuNTU1IDExLjQ4MTYgMjMuMTQyNCAxMC44OTQyIDIzLjE0MjQgMTAuMTY5NkMyMy4xNDI0IDkuNDQ1MDEgMjIuNTU1IDguODU3NiAyMS44MzA0IDguODU3NkMyMS4xMDU4IDguODU3NiAyMC41MTg0IDkuNDQ1MDEgMjAuNTE4NCAxMC4xNjk2QzIwLjUxODQgMTAuODk0MiAyMS4xMDU4IDExLjQ4MTYgMjEuODMwNCAxMS40ODE2WiIgZmlsbD0id2hpdGUiLz4KPC9nPgo8ZGVmcz4KPGxpbmVhckdyYWRpZW50IGlkPSJwYWludDBfbGluZWFyXzFfNDYiIHgxPSI0LjY4NjI5IiB5MT0iMjcuMzEzNyIgeDI9IjI3LjMxMzciIHkyPSI0LjY4NjI5IiBncmFkaWVudFVuaXRzPSJ1c2VyU3BhY2VPblVzZSI+CjxzdG9wIHN0b3AtY29sb3I9IiNGRkQ1MjEiLz4KPHN0b3Agb2Zmc2V0PSIwLjA1NTEwNDgiIHN0b3AtY29sb3I9IiNGRkQwMjAiLz4KPHN0b3Agb2Zmc2V0PSIwLjEyNDEiIHN0b3AtY29sb3I9IiNGRUMwMUUiLz4KPHN0b3Agb2Zmc2V0PSIwLjIwMDQiIHN0b3AtY29sb3I9IiNGQ0E3MUIiLz4KPHN0b3Agb2Zmc2V0PSIwLjI4MjEiIHN0b3AtY29sb3I9IiNGQTgzMTYiLz4KPHN0b3Agb2Zmc2V0PSIwLjM2ODEiIHN0b3AtY29sb3I9IiNGODU1MTAiLz4KPHN0b3Agb2Zmc2V0PSIwLjQ1NjMiIHN0b3AtY29sb3I9IiNGNTFFMDkiLz4KPHN0b3Agb2Zmc2V0PSIwLjUiIHN0b3AtY29sb3I9IiNGMzAwMDUiLz4KPHN0b3Agb2Zmc2V0PSIwLjUwMzUiIHN0b3AtY29sb3I9IiNGMjAwMDciLz4KPHN0b3Agb2Zmc2V0PSIwLjU5NjYiIHN0b3AtY29sb3I9IiNFMTAwM0IiLz4KPHN0b3Agb2Zmc2V0PSIwLjY4NzkiIHN0b3AtY29sb3I9IiNEMzAwNjciLz4KPHN0b3Agb2Zmc2V0PSIwLjc3NTciIHN0b3AtY29sb3I9IiNDNzAwODgiLz4KPHN0b3Agb2Zmc2V0PSIwLjg1ODkiIHN0b3AtY29sb3I9IiNCRjAwQTAiLz4KPHN0b3Agb2Zmc2V0PSIwLjkzNTciIHN0b3AtY29sb3I9IiNCQjAwQUYiLz4KPHN0b3Agb2Zmc2V0PSIxIiBzdG9wLWNvbG9yPSIjQjkwMEI0Ii8+CjwvbGluZWFyR3JhZGllbnQ+CjxjbGlwUGF0aCBpZD0iY2xpcDBfMV80NiI+CjxyZWN0IHdpZHRoPSIzMiIgaGVpZ2h0PSIzMiIgZmlsbD0id2hpdGUiLz4KPC9jbGlwUGF0aD4KPC9kZWZzPgo8L3N2Zz4K\"\/><\/a><\/div><\/div><\/div><\/div>\n\n\n\n<p><\/p>\n","protected":false},"excerpt":{"rendered":"<p>Jag \u00e4r en v\u00e4lberest \u201cempty nester\u201d och bor i en Stockholms-f\u00f6rort tillsammans med min man Johan och v\u00e5r hund. Barnen har sedan ett par \u00e5r gett sig ut p\u00e5 egna \u00e4ventyr s\u00e5 nu har vi, och \u00e4ven m\u00e5nga av v\u00e5ra j\u00e4mn\u00e5riga v\u00e4nner, pl\u00f6tsligt massor med tid f\u00f6r resor och \u00e4ventyr som vi vill g\u00f6ra det&#8230;<\/p>\n","protected":false},"author":2,"featured_media":0,"parent":0,"menu_order":0,"comment_status":"closed","ping_status":"closed","template":"","meta":{"footnotes":""},"class_list":["post-817","page","type-page","status-publish","hentry"],"_links":{"self":[{"href":"https:\/\/curatedatlas.com\/index.php\/wp-json\/wp\/v2\/pages\/817","targetHints":{"allow":["GET"]}}],"collection":[{"href":"https:\/\/curatedatlas.com\/index.php\/wp-json\/wp\/v2\/pages"}],"about":[{"href":"https:\/\/curatedatlas.com\/index.php\/wp-json\/wp\/v2\/types\/page"}],"author":[{"embeddable":true,"href":"https:\/\/curatedatlas.com\/index.php\/wp-json\/wp\/v2\/users\/2"}],"replies":[{"embeddable":true,"href":"https:\/\/curatedatlas.com\/index.php\/wp-json\/wp\/v2\/comments?post=817"}],"version-history":[{"count":8,"href":"https:\/\/curatedatlas.com\/index.php\/wp-json\/wp\/v2\/pages\/817\/revisions"}],"predecessor-version":[{"id":849,"href":"https:\/\/curatedatlas.com\/index.php\/wp-json\/wp\/v2\/pages\/817\/revisions\/849"}],"wp:attachment":[{"href":"https:\/\/curatedatlas.com\/index.php\/wp-json\/wp\/v2\/media?parent=817"}],"curies":[{"name":"wp","href":"https:\/\/api.w.org\/{rel}","templated":true}]}}